ded by 51?
35
What is the remainder when 416 is divided by 232?
184
What is the remainder when 177 is divided by 21?
9
What is the remainder when 1317 is divided by 141?
48
What is the remainder when 8 is divided by 4?
0
What is the remainder when 2171 is divided by 75?
71
What is the remainder when 6184 is divided by 23?
20
What is the remainder when 568 is divided by 95?
93
Calculate the remainder when 203 is divided by 42.
35
What is the remainder when 538 is divided by 123?
46
What is the remainder when 115 is divided by 31?
22
Calculate the remainder when 4527 is divided by 16.
15
What is the remainder when 770 is divided by 43?
39
What is the remainder when 137 is divided by 117?
20
What is the remainder when 41 is divided by 7?
6
What is the remainder when 80 is divided by 74?
6
Calculate the remainder when 13899 is divided by 50.
49
What is the remainder when 1682 is divided by 22?
10
What is the remainder when 18719 is divided by 32?
31
Calculate the remainder when 647 is divided by 63.
17
What is the remainder when 473 is divided by 227?
19
Calculate the remainder when 1015 is divided by 1.
0
What is the remainder when 809 is divided by 238?
95
What is the remainder when 546 is divided by 61?
58
Calculate the remainder when 2974 is divided by 20.
14
What is the remainder when 8664 is divided by 321?
318
Calculate the remainder when 390 is divided by 192.
6
What is the remainder when 95967 is divided by 21?
18
What is the remainder when 126 is divided by 45?
36
Calculate the remainder when 10198 is divided by 34.
32
What is the remainder when 246 is divided by 85?
76
Calculate the remainder when 11015 is divided by 3656.
47
What is the remainder when 167 is divided by 132?
35
Calculate the remainder when 28999 is divided by 97.
93
Calculate the remainder when 1087 is divided by 32.
31
What is the remainder when 44 is divided by 27?
17
What is the remainder when 328 is divided by 104?
16
What is the remainder when 5873 is divided by 14?
7
What is the remainder when 59 is divided by 1?
0
Calculate the remainder when 1894 is divided by 10.
4
Calculate the remainder when 333 is divided by 67.
65
What is the remainder when 1508 is divided by 24?
20
What is the remainder when 142 is divided by 25?
17
What is the remainder when 1422 is divided by 95?
92
Calculate the remainder when 506 is divided by 83.
8
Calculate the remainder when 1276 is divided by 249.
31
What is the remainder when 1259 is divided by 45?
44
What is the remainder when 1958 is divided by 98?
96
What is the remainder when 151 is divided by 9?
7
Calculate the remainder when 1258 is divided by 139.
7
Calculate the remainder when 5054 is divided by 32.
30
Calculate the remainder when 1259 is divided by 90.
89
Calculate the remainder when 146 is divided by 146.
0
Calculate the remainder when 1024 is divided by 41.
40
What is the remainder when 234 is divided by 95?
44
What is the remainder when 1275 is divided by 161?
148
What is the remainder when 465 is divided by 117?
114
What is the remainder when 167 is divided by 28?
27
What is the remainder when 142 is divided by 37?
31
Calculate the remainder when 122 is divided by 25.
22
Calculate the remainder when 7031 is divided by 108.
11
Calculate the remainder when 110 is divided by 11.
0
Calculate the remainder when 94 is divided by 23.
2
Calculate the remainder when 433 is divided by 139.
16
What is the remainder when 598 is divided by 40?
38
What is the remainder when 3539 is divided by 161?
158
Calculate the remainder when 29 is divided by 15.
14
What is the remainder when 674 is divided by 27?
26
What is the remainder when 872 is divided by 218?
0
What is the remainder when 213 is divided by 13?
5
Calculate the remainder when 246 is divided by 31.
29
What is the remainder when 1956 is divided by 179?
166
What is the remainder when 266 is divided by 15?
11
What is the remainder when 766 is divided by 43?
35
What is the remainder when 941 is divided by 15?
11
What is the remainder when 743 is divided by 363?
17
Calculate the remainder when 4364 is divided by 19.
13
What is the remainder when 591 is divided by 141?
27
Calculate the remainder when 27024 is divided by 235.
234
What is the remainder when 888 is divided by 286?
30
Calculate the remainder when 357 is divided by 24.
21
Calculate the remainder when 349 is divided by 85.
9
Calculate the remainder when 3569 is divided by 4.
1
What is the remainder when 776 is divided by 386?
4
Calculate the remainder when 58 is divided by 14.
2
Calculate the remainder when 122 is divided by 18.
14
Calculate the remainder when 170 is divided by 39.
14
Calculate the remainder when 2978 is divided by 5.
3
What is the remainder when 116 is divided by 21?
11
What is the remainder when 2435 is divided by 23?
20
Calculate the remainder when 93 is divided by 34.
25
What is the remainder when 510 is divided by 233?
44
What is the remainder when 91 is divided by 11?
3
What is the remainder when 86 is divided by 43?
0
What is the remainder when 295 is divided by 23?
19
What is the remainder when 179 is divided by 13?
10
What is the remainder when 419 is divided by 62?
47
What is the remainder when 1169 is divided by 90?
89
Calculate the remainder when 1111 is divided by 22.
11
What is the remainder when 84 is divided by 26?
6
What is the remainder when 4212 is divided by 5?
2
Calculate the remainder when 2364 is divided by 394.
0
What is the remainder when 18719 is divided by 312?
311
What is the remainder when 557 is divided by 31?
30
Calculate the remainder when 17323 is divided by 77.
75
What is the remainder when 39 is divided by 21?
18
What is the remainder when 35 is divided by 12?
11
What is the remainder when 2000 is divided by 41?
32
Calculate the remainder when 689 is divided by 341.
7
Calculate the remainder when 423 is divided by 63.
45
What is the remainder when 178 is divided by 169?
9
Calculate the remainder when 2528 is divided by 11.
9
Calculate the remainder when 345 is divided by 338.
7
What is the remainder when 77 is divided by 39?
38
Calculate the remainder when 702 is divided by 37.
36
Calculate the remainder when 520 is divided by 171.
7
Calculate the remainder when 1402 is divided by 30.
22
Calculate the remainder when 170 is divided by 124.
46
Calculate the remainder when 4557 is divided by 120.
117
What is the remainder when 266 is divided by 92?
82
Calculate the remainder when 584 is divided by 30.
14
What is the remainder when 3057 is divided by 135?
87
Calculate the remainder when 407 is divided by 170.
67
What is the remainder when 456 is divided by 51?
48
What is the remainder when 356 is divided by 15?
11
What is the remainder when 1894 is divided by 232?
38
What is the remainder when 606 is divided by 47?
42
What is the remainder when 2285 is divided by 99?
8
Calculate the remainder when 111 is divided by 41.
29
What is the remainder when 486 is divided by 63?
45
Calculate the remainder when 326 is divided by 7.
4
What is the remainder when 569 is divided by 38?
37
Calculate the remainder when 350 is divided by 74.
54
Calculate the remainder when 1348 is divided by 50.
48
What is the remainder when 429 is divided by 16?
13
What is the remainder when 84 is divided by 51?
33
Calculate the remainder when 131 is divided by 14.
5
What is the remainder when 143 is divided by 62?
19
What is the remainder when 126 is divided by 36?
18
What is the remainder when 1854 is divided by 13?
8
Calculate the remainder when 194 is divided by 35.
19
What is the remainder when 338 is divided by 27?
14
Calculate the remainder when 6570 is divided by 124.
122
What is the remainder when 85 is divided by 27?
4
Calculate the remainder when 405 is divided by 82.
77
What is the remainder when 583 is divided by 254?
75
What is the remainder when 243 is divided by 13?
9
Calculate the remainder when 30883 is divided by 143.
138
Calculate the remainder when 13294 is divided by 8.
6
What is the remainder when 142 is divided by 15?
7
Calculate the remainder when 94 is divided by 22.
6
Calculate the remainder when 157 is divided by 48.
13
Calculate the remainder when 129 is divided by 13.
12
What is the remainder when 8959 is divided by 448?
447
What is the remainder when 401 is divided by 2